se y*m + d = -0*m + 11, 2*d = m + 8. Suppose -101 = -4*i + q + 18, -3*i + m*q = -83. What are the prime factors of i?
31
Let y(a) = a**3 - 5*a**2 + 2*a + 6. Let o be y(5). Let v = o - 12. Suppose -5*f + 3*l + 13 = 0, -2*l - 13 = -f - v*l. What are the prime factors of f?
5
What are the prime factors of (-575298)/(-248) + 6/(-8)?
3, 773
Let h(k) = k**3 + 9*k**2 - k + 3. Let v be h(-10). Let u = -46 - v. What are the prime factors of u?
41
Let l = 1564 + -1059. Suppose 5*w = -0*w + l. What are the prime factors of w?
101
Let a(v) be the third derivative of v**4/24 + 3*v**2. Let h be a(5). Suppose 0 = -h*p + 6*j - 3*j + 21, 0 = -4*p + 2*j + 16. What are the prime factors of p?
3
Let r(l) = -l**2 + 6*l + 8. Let w be r(6). Suppose -3*m = -m - w. Suppose 2 + 0 = 4*c + 3*s, c - s = m. List the prime factors of c.
2
Let m = 1545 - 1025. What are the prime factors of m?
2, 5, 13
Suppose -2816 + 22246 = 10*s. What are the prime factors of s?
29, 67
Let p(f) = f**2 + 2*f + 8. Let s be p(0). Let v = 2 - -1. Suppose 2*q = v*q - s. What are the prime factors of q?
2
Let m = 415 + -388. What are the prime factors of m?
3
Let w(p) = 9 - 22 - 5*p + 9. List the prime factors of w(-4).
2
Let l(j) = j**3 + 9*j**2 + 7*j. Let h be l(-8). Let b be 12/h - (-3)/2. Suppose b*d - 63 = -6. List the prime factors of d.
19
Let p be 2/5 - 1/10*-26. Suppose p*s = 16 + 206. What are the prime factors of s?
2, 37
What are the prime factors of 618/((-91)/(-42) + -2)?
2, 3, 103
Let d = -8 + 8. Suppose d = x - 13 - 13. Let a = x - 18. What are the prime factors of a?
2
Let j = 241 - -2957. What are the prime factors of j?
2, 3, 13, 41
Let z = -453 + 4563. List the prime factors of z.
2, 3, 5, 137
Let j(k) = k**3 - 3*k**2 + 2*k + 2. Let p be j(2). Suppose -6*w + p = -28. Suppose -32 - 63 = -w*n. What are the prime factors of n?
19
Let h be 216/(-45)*80/(-6). Let w be 7/(h/(-68) + 1). Suppose -13 = -4*a + w. What are the prime factors of a?
3, 11
Let v be (-4)/1 - (7 - 9). Let n be 1/4*38*v. Let j = n - -43. List the prime factors of j.
2, 3
Let u be -5 + 3 - -2 - -41. Suppose -5*g + 29 = -u. Suppose -b - g = -2*b. What are the prime factors of b?
2, 7
Let s(j) = 3*j**2 + 20*j + 6. List the prime factors of s(8).
2, 179
Let g(p) = p - 5. Let u be g(11). Let l = 8 - u. Suppose 0 = -a - l*a + 42. What are the prime factors of a?
2, 7
Suppose 4*j = 0, h - 4 = -h + j. Suppose h*x - 6*x + 3 = t, 3*t = -5*x + 16. What are the prime factors of t?
7
Let h be 12/(28/36 - 1). List the prime factors of h*(-6)/4*(-15)/(-9).
3, 5
Let x = 1530 - -914. What are the prime factors of x?
2, 13, 47
Let t = -1526 + 2420. What are the prime factors of t?
2, 3, 149
Let c(a) = -2*a**2 + 2*a. Let y be c(-1). Let o be 5 + (-2)/y*-2. What are the prime factors of o*(13 - 2) + -2?
2, 3, 7
Suppose -4*a + 3*v + 537 = 0, 0*a + 2*a = 4*v + 256. Suppose -9*o + a = -510. What are the prime factors of o?
2, 3
Let t(a) = -74*a - 197. List the prime factors of t(-30).
7, 17
What are the prime factors of ((-72)/9)/(-24) - 1637/(-3)?
2, 3, 7, 13
Let r(x) = x**3 + 4*x**2 + 4*x. Let l be r(-3). Let b(n) = -5*n**3 + 2*n**2 - 4*n - 2. What are the prime factors of b(l)?
163
Suppose -17*j + 38*j = 25830. What are the prime factors of j?
2, 3, 5, 41
Suppose v = -2, 14*v - 6820 = -4*g + 12*v. What are the prime factors of g?
2, 853
Let y be 1/(-6)*-1 - 66563/(-42). Suppose -3*w + 9 = -6, -5*u = -2*w - y. What are the prime factors of u?
11, 29
Suppose -15*t + 375 = -0*t. Let a(v) = -v**3 + 25*v**2 + 8*v + 8. List the prime factors of a(t).
2, 13
Let f = 105 - -142. What are the prime factors of f?
13, 19
Let k(o) = -o**3 + o + 5. Let j be k(0). Suppose 3*x + 2*x = -n + 6, -4*x - n + j = 0. Let h(v) = 7*v**2 - v. List the prime factors of h(x).
2, 3
Let d be (6/(-4))/((-24)/32). Suppose d*k + 4 = 3*k. What are the prime factors of ((-8)/(-6))/(k/36)?
2, 3
Suppose -i + 831 = 3*q + 104, q - 249 = -2*i. Let v = -3 + q. List the prime factors of v.
2, 7, 17
Suppose -45*i + 133159 = -68801. List the prime factors of i.
2, 3, 11, 17
What are the prime factors of 231 - (-2 + 3/(-1))?
2, 59
Let s(q) = -q**3 + 7*q**2 + 3. Let t be s(7). Suppose 2*r = t*r. Let d(x) = x**3 + 2*x**2 - x + 31. What are the prime factors of d(r)?
31
List the prime factors of 30030/36 + -7 - 4/24.
827
Let j(y) = -548*y - 558. What are the prime factors of j(-6)?
2, 3, 5, 7, 13
Suppose -4*k - 3*s + 23 = 0, 5*s - 18 = 5*k - 3. Suppose 2*m = -4*w - 2*m + 364, k = m. List the prime factors of w.
89
Let i(h) = 8*h**2 - 7*h - 17. What are the prime factors of i(8)?
439
Suppose -3*y = c + c - 12, c - y = 1. Let m = 1 + c. Suppose -4*a = 2*r - 114, 8*r + 4 = m*r. What are the prime factors of a?
29
Let k be (2/3)/(3/(-54)*-4). Suppose -k*l = -o + 188, -3*o + 692 = o + 3*l. List the prime factors of o.
2, 11
Suppose 2*o = 2*f - 5 - 13, 3*o - 5*f = -35. List the prime factors of ((-64)/(-10))/((2/o)/(-2)).
2
Suppose -4*l - 14 = -3*l - 3*g, l + 3*g = 16. Let h = 127 - l. What are the prime factors of h?
2, 3, 7
Suppose 12 = -6*d + 2*d, k + 4*d - 73 = 0. What are the prime factors of k?
5, 17
Let d(t) = -5 + 6*t**3 + t**3 - 9*t**3 + 3*t**3 - 9*t**2 + 12*t. Let g(f) = f - 2. Let s be g(10). List the prime factors of d(s).
3
Suppose 12 + 12 = 6*g. Suppose -4*k - g*h + 0*h = -172, -5*k + 247 = -3*h. List the prime factors of k.
47
Suppose 14*v = 31*v - 6766. List the prime factors of v.
2, 199
Let g(z) = -5 - 2*z + z**2 + 5 + 1. Suppose -3*l = 5*i + 7 - 26, 2*l = -4. List the prime factors of g(i).
2
Let y(m) = 6*m**2 - 184. List the prime factors of y(-13).
2, 5, 83
Let g = 682 - 407. What are the prime factors of g?
5, 11
Let q be ((-8)/(-6))/(22/(-33)). Let g(z) = -9*z - 15 + 1 - 11*z + 7. List the prime factors of g(q).
3, 11
Let o = 6 + -3. Suppose -3 = -2*g + o. Suppose -5*j - s + 163 = 0, g*s - 21 = -j + 6. What are the prime factors of j?
3, 11
Suppose -2*i - 5*u = -9838, -4*i + 2839 = -2*u - 16885. What are the prime factors of i?
3, 31, 53
Let v(r) = r**3 - 18*r**2 - 36*r - 140. What are the prime factors of v(22)?
2, 251
Let i = -19 - -21. Suppose 1424 = 4*g + 3*j, 5*j - 356 = g - i*g. Suppose 5*o - g = 4. What are the prime factors of o?
2, 3
Let v = -8 - -33. Suppose v = -5*i + 715. What are the prime factors of i?
2, 3, 23
Suppose -4 - 2 = 2*f. List the prime factors of (-1)/((-1)/f*5/(-205)).
3, 41
Let a = 132 + -124. List the prime factors of 1815/6 + (20/a - 2).
3, 101
Let i(b) = -896*b - 52. List the prime factors of i(-1).
2, 211
Let d(f) = -f**3 - 6*f**2 + 14*f + 34. Let r = -73 + 64. List the prime factors of d(r).
151
Suppose -g = 3*g - 20. Suppose -23 = -g*t - z, -8 = -2*t - 4*z + 3*z. Let w = 2 + t. List the prime factors of w.
7
Let a(p) = -p**2 - 3*p + 6. Let h(x) = x - 1. Let m(n) = -a(n) - 2*h(n). Suppose 0*u + 28 = -4*u - 2*t, 40 = -4*u - 5*t. What are the prime factors of m(u)?
2
Suppose -4*n = -2*w - 690, -3*n - 1 = 2*w - 522. List the prime factors of n.
173
Suppose 55*l + 26 = 54*l. Suppose -5*z - 4*t = 225, -3*t + 90 = -2*z - 5*t. Let u = l - z. What are the prime factors of u?
19
Suppose 3*i - 11 = -2. Let y = 1 + i. Suppose 0 = -4*g + 5*n + 80, 0*g + g + 1 = -y*n. List the prime factors of g.
3, 5
Let g = -234 - -577. Suppose -2*p = 67 - g. Let d = p - 73. List the prime factors of d.
5, 13
Let t(r) = 12*r**2 + r - 1. Let d be t(-1). Suppose -m - d = -y + 16, 2*y + m - 43 = 0. List the prime factors of y.
23
Let k(b) = -2*b - 8. Let f be k(-6). Suppose 211 = f*w - 73. List the prime factors of w.
71
List the prime factors of (-4095)/(-6)*(80/15 - 4).
2, 5, 7, 13
Let q(v) = v**3 + 49*v**2 + 49*v + 13. What are the prime factors of q(-47)?
2, 7, 19
Suppose 4*r = 2*i + i - 10623, 0 = 3*i - r - 10614. List the prime factors of i.
3, 131
Let l = 562 + -65. What are the prime factors of l?
7, 71
Let z(m) = m**3 + 5*m**2 + m + 2. Let a be z(-5). What are the prime factors of a/7 - 3092/(-28)?
2, 5, 11
Let y(k) = 36*k**2 + k. Suppose 7*l - 6 = l. List the prime factors of y(l).
37
Let g be -4 + (-24)/(-4) - (0 - 0). Let a(v) = 3*v - 6. Let x(j) = 7*j - 13. Let h(c) = -9*a(c) + 4*x(c). What are the prime factors of h(g)?
2
Let o(l) be the second derivative of 7*l**3/3 - l. Let w be o(6). Let k = w + -59. List the prime factors of k.
5
Let a 